+ 3))
47
What is the value of -109 - (-44 + (-14 - -18)) - (-2 - (0 - -11))?
-56
What is the value of (-14 - -10) + 24 - 80 - -16?
-44
What is the value of (32 - -21) + -59 - -7?
1
What is 57 + -27 - (18 + -12 + -78)?
102
Evaluate -1 + -11 + (14 - (41 + -25 + 8)).
-22
Evaluate 13 - ((-48 - -14) + 50 + (1 - (11 - -4))).
11
Calculate -58 - (-23 - (25 + (-2 - 21))).
-33
What is 8 + (-19 - (11 + -17) - (-46 + -2))?
43
What is 4 - (-1 - -28 - -6 - 13) - -12?
-4
(-84 + 66 - -8) + 46
36
44 + (1 - (-4 - ((-8 - -7) + 0)))
48
What is (-2 - (-6 + 4) - (0 - -3)) + (674 - 733)?
-62
What is -9 - -3 - (13 + 6 - 24 - (-32 + -1))?
-34
Evaluate (-11 - 9 - -1 - -47) + 23.
51
Evaluate (1 - 9) + -1451 + 1464 - ((-2 - -2) + 60).
-55
What is (1 - 12) + (26 - (29 - 17))?
3
Calculate 62 + (-104 - -225) + -225.
-42
What is -94 + (-5 - (-6 + (-16 - 10) + 12))?
-79
What is -35 + (15 - (-17 - 25)) - (1 - -92)?
-71
-39 + -2 - (1545 + -1570)
-16
-249 - -230 - ((-48 - 0) + 0) - 6
23
What is 10 - 2 - -6 - (67 + -66 + 76 + -1)?
-62
0 - -21 - (-72 + 32 - -181)
-120
(95 - 0) + 29905 + -29971
29
What is (-2 - -3 - 3) + 3818 + -3774?
42
What is (6 - -2 - 76) + (9 - -3) + -3 - -6?
-53
What is 22 - (65 + -150 - -189)?
-82
-4 + -3 + 12 + -17 + 31
19
What is -30 + (4 - 3) + (-29 - -34) - 7 - 0?
-31
What is the value of (-97 - -250) + -85 + -12?
56
1 + -42 + (27 + 1 - (627 + -608))
-32
Calculate (255 - 120) + (4 - 73).
66
(1 + -9 + (64 - 64) - -1) + 2 + 6
1
Evaluate 2 + 14 + -3 + -13 + (-19 - -59).
40
Evaluate 0 + 19 + (11 - 16) + (53 - 38).
29
-60 + -2 + -11 + (-14 + -3 - (-4 - 14))
-72
What is the value of (-18 - 3) + -3 + 49 + (-53 - -6)?
-22
What is the value of (-11 + (8 - -7) - -4) + 9 + 4?
21
What is -23 - ((21 - 34) + (-6 + -4 - -20))?
-20
Evaluate 115 + -131 - (-63 + 2).
45
What is 13 + (13 + -66 - -98)?
58
What is (-2583 - -2396) + 64 + -1?
-124
-109 - (34 - (137 + -54))
-60
What is 5 + 54 + 64 - 51?
72
What is the value of -64 - ((-27 - (5 + -8) - -12) + 4 + 20)?
-76
What is the value of (80 - (-414 + 432)) + (0 - 26)?
36
28 + (8 - 48) - 16
-28
41 + 0 - (-26 - (-16 - 35))
16
What is the value of (6958 - 6792) + 0 + -120?
46
What is the value of -6 + 7 + 9 - (4 + 7 - 9) - -10?
18
What is 11 + -3 + (33 - 45) + (-6 - (-75 + 5))?
60
Evaluate -43 + (3 - 9) + -18 + 39.
-28
Calculate (0 - -9) + -6 + -15 - (-2 + -2) - -80.
72
Calculate -57 + (13 - (3 - 3) - (-46 + 54)) - -6.
-46
What is the value of 17 - (13 + (20 - 62) + 56)?
-10
Calculate -31 - (-5 - -1) - (-39 + (44 - (16 - 27))).
-43
What is the value of 1 - 39 - (147 - (-213 + 357))?
-41
Evaluate 0 + 18 + (-7281 + 7259 - (-23 + 2 + -1)).
18
What is 103 + -85 + (-4 - 1) - (-51 + 13)?
51
What is the value of (67 - 49 - 36) + 45 + 4?
31
What is the value of (-5 - (-8 - 1) - -5) + (-46 + -9 - -33)?
-13
What is -188 + 179 - (-3 + -2 + -3)?
-1
Calculate 58 - (25 + -10 + -3 - 7 - (1 + -2)).
52
What is 10 - 15 - ((-9 - -29 - 17) + -27)?
19
What is -65 - ((1 - 4) + (-29 - -50 - 14))?
-69
What is 7 + 1 + 1 + -3 + 30 + (-70 - -49)?
15
What is the value of -28 + 4 + (0 - -5) - (-43 + 20 - -32)?
-28
8 + (5 - 56) + 36
-7
Evaluate -21 - (-13 - -7) - ((1 - -61) + -8).
-69
What is -32 - (50 - (27 + 10 - 29))?
-74
Evaluate -18 + 0 - ((-226 - 6) + 106).
108
What is -71 - (1 + -3 - -1) - (197 + 122 + -325)?
-64
Evaluate 88 + -107 - ((-9 - 4) + -1) - -8.
3
Calculate (271 - 264) + (-4 - -75).
78
What is -18 + 119 - 27 - (4 + (13 - 0))?
57
What is the value of 3 + -2 - (-46 + (-27 - -26 - (-1 + -4)))?
43
Calculate 20 + (27 - 7) + (52 - 44) + -21.
27
(-20 - -27) + (59 + -47 - (-1 - -5))
15
What is the value of 6 - -6 - ((15 - 17 - -4) + 3)?
7
What is -2 + (11 + -2 - 9) + (21 - (-28 + -7))?
54
Calculate 4 + 1 + (-17323 - -17361).
43
Calculate (40 - 35) + 25 + -54.
-24
What is (1 - -30 - (23 + -26)) + -28?
6
What is the value of 3186 + -3084 - (92 - 1)?
11
What is 5 + -10 - -1 - (24 - (-12 - -19))?
-21
(12 - 1) + (4 - (-1 - 23))
39
Calculate 0 + (-1 - 3) - (26 - -3) - (3 + -6).
-30
What is the value of (-52 - -91) + -43 + (5 - -8)?
9
-6 + (-6 - (7 + -6 - (-1 - -2 - 5)))
-17
What is 1 - 24 - (-716 - -714) - 16?
-37
What is 1877 - 1833 - (42 + -2)?
4
Calculate 19 + 10 - 69 - 3.
-43
23 + -23 + (6 - 3 - 6)
-3
What is the value of -473 + 508 + 30 + 11?
76
Evaluate -101 + (-31 - -44 - -32).
-56
What is the value of (14 - (-13 - (-4 - 11) - -7)) + 65?
70
(-39 - 1) + -14 + 7 + 20 + 51 + -61
-37
What is -1050 + 1008 - (4 - (-1 + -3 + 3 + -3))?
-50
What is the value of 2 - 7 - (-3 - (-6 - -13)) - (59 - -5)?
-59
Evaluate -1818 + 1883 - (-2 - -19).
48
What is the value of -70 - (-89 - -55) - 69?
-105
What is (-67 - (-54 + -50)) + 49?
86
What is the value of -30641 + 30685 + 0 + 43?
87
What is -220 - 12 - (206 - 327)?
-111
(5 - (-19 - 99 - (-4 + -6 + 3))) + -13
103
What is 0 - 117 - -1 - ((96 - 68) + -19)?
-125
What is the value of 1 + -58 + 3 + (0 + 5 + -21 - -13)?
-57
Evaluate (9 - -2) + 26 + -105 + 5.
-63
What is 35 + -14 + 24 + -46?
-1
Evaluate -9 - ((34 - 35) + -21 - (14 + -3)).
24
-381 + 365 - (-43 - 0) - -30
57
Evaluate -43 + 1 + 35 + -33 + 7 + -19.
-52
Calculate 129 + -132 - ((5 - -5 - 3) + 14).
-24
Calculate (18 - 34) + 11 + 29.
24
What is the value of (38 - 0 - (802 + -771) - (1 - -8)) + -59?
-61
Evaluate (35 - (-50 - -41 - -9)) + -163.
-128
What is -56 + -138 + 215 + 0 + -69?
-48
Evaluate (-2 - -5) + -29 + (-11 - -26) - 39.
-50
Calculate 51 + (1 - 0) - (-2 + -46 - -40).
60
What is -29 + 3 + -1 - (0 - -25 - -26 - 46)?
-32
Calculate 106 + -86 + -7 + 12 + -1 + -107.
-83
Calculate 13 - (-1 + 41 - (5 - (-35 - -41))).
-28
What is 7 + (25 + -53 - -37)?
16
What is the value of 123 + -38 + (-22 - (26 + -37))?
74
Evaluate 80 - 3 - (-3 + 13 + 10 + -13) - -8.
78
What is the value of -77 - (5 + (-4 - -1 - (-39 + 31)) - 4)?
-83
Calculate -3 + 7 + -10 + (14 - 27) - -84.
65
What is -21 + 9 + 7 + -9 + 20 - 65?
-59
What is the value of -36 + (34 + 12 - 45 - 11)?
-46
10 + -1 - ((36 - (-12 - (-8 - 15))) + 10)
-26
-22 - (2 + 9) - 9
-42
What is (-33 - 0) + -977 + 1104 - 5?
89
What is 43 + 35 + -95 + 37?
20
14 - (-3 + 18) - 1 - (16 + -4)
-14
What is the value of 4 - -12 - 19 - 9 - -16?
4
Calculate -19 + 4 - (10 + (-67 + 16 - -16)).
10
Calculate (-83 - -74) + (3 - 3) + -4 + -7.
-20
Calculate (85 - 192) + (1 - -16) + -13 + -4.
-107
(208 + -221 - (-115 - (2 - 3))) + -14
87
-5 + ((39 + -14 - 12) + 2 - 16)
-6
Evaluate -6 - ((-45 - 4) + -56 + 67) - 0.
32
What is the value of (-9 - 0) + (-6 - 6) + 9 + 11?
-1
Calculate -79 + (20 - 42) - (-1 - 4 - -6 - -7).
-109
-11 - (-4 + (-14 - -8) - 26)
25
Evaluate (1 - 24 - (-427 + 419) - -14) + -72.
-73
Evaluate 121 + 2 - (-172 - (203 - 390)).
108
What is (44 + 7 - 11) + (-1 - 1 - (-4 + -8))?
50
Calculate ((-6 - 13) + -4 - -40) + (0 - 73).
-56
-8 + 1 + 4 - (-22 + 7 - -57) - -10
-35
What is (291 - 231) + -73 + -11?
-24
What is (1 - -27) + -228 + 219 + 36 + 6?
61
1 + -11 + -9 + 5 + 10 + 0 + 1
-3
Calculate (-85 - -45) + 106 - (3 - 23).
86
35 + 72 - 61 - (0 + -4)
50
What is the value of (-10 - (-6 - -9)) + -131 + 120?
-24
281 + -303 + -7 + (25 - 7)
-11
Calculate 5 + (-12 - ((-13 - -1) + -11 + 24)) + -4.
-12
What is (4 - (-1 + 4)) + 2 + 7237 + -7124?
116
Evaluate 101 + (-14 - 19 - ((-9 - 7) + 1)).
83
-246 + 237 + (-2 - -1) - (-2 + 11)
-19
Evaluate 1 + (-1 - 0 - 6) - ((227 - 464) + 193).
38
115 + ((-21 - (-18 + -11)) + 0 - 14)
109
What is the value of 300 + -357 - (-12 + -22)?
-23
Evaluate -28 + (-18 + -19 - 14) + 24.
-55
Evaluate 278 + -330 + (93 - -4).
45
What is the value of -1 - (-29 + -53 - -78)?
3
Calculate 12 - ((0 - -13) + (458 - 513)).
54
Calculate (-12 - (4 + (10 - 5 - -1))) + -14.
-36
Calculate -36 + 119 + -9 + -134.
-60
Evaluate (-1 - (12 + -16 - 7 - -8)) + 28.
30
12 + (66 - (6 + (-4 - 1))) + -6 - 10
61
What is 27 - -2 - (71 - 176 - -165)?
-31
Evaluate 108 + -25 + 10 + (-43 - -22).
72
Calculate (105 - 132) + (4 - 7 - 5).
-35
Evaluate -47 + 19 - (0 + -17 + 30).
-41
What is -112 - (28 - (-1 - 7 - -50))?
-98
Evaluate -40 + 83 + 16 + -73.
-14
What is the value of 2 - (9 - (36 + -40 - (-6 + 0))) - 8?
-13
What is 2 - (8 + (8 + -7 - 8) + -15)?
16
-59 - ((-5 - 54) + 80)
-80
Calculate 2 + -361 + 411 + -6 + -2 + 1 + -1.
44
Calculate (-39 - 37) + (-16 - 0 - -14 - -12).
-66
Calculate -48 - (-5 + (-7 - (-13 - -24 - 11))).
-36
What is -22 + 11 - (-25